*a + 317. Calculate the greatest common factor of a and 26.
13
Let o = -1013 - -1233. What is the greatest common factor of 40 and o?
20
Suppose 8*i - 11*i = 4*m - 150, i - 146 = -4*m. Calculate the highest common factor of m and 420.
12
Let d be (-2)/(-7) - (-1564)/14. Suppose -143*a + 192 = -131*a. What is the greatest common divisor of d and a?
16
Let p = 140 - 114. Let s be (-2)/((-4)/(-666) - 0). Let v = -99 - s. Calculate the greatest common divisor of v and p.
26
Let s(d) = -2*d**3 - 39*d**2 + 17*d - 47. Let z be s(-20). Calculate the highest common factor of z and 221.
13
Let h = -584 - -1187. Calculate the highest common divisor of 9 and h.
9
Let s be 15*(-5)/(25/2). Let r be (-428)/s + 2/3. Suppose -7*a = -r - 33. Calculate the highest common factor of a and 105.
15
Let u be (1/2)/((-2)/44). Let s(m) = -9*m**2 + 0 - 11 + 8*m - 3 + 10*m**2. Let c be s(u). What is the greatest common factor of c and 152?
19
Suppose a - 5*a = -272. Suppose -3*o + a + 30 = -4*b, 4*o - 3*b - 119 = 0. What is the greatest common factor of 13 and o?
13
Let f = 436 + -419. Calculate the highest common divisor of f and 901.
17
Let i = 685 + -343. Suppose -y = y - i. What is the highest common divisor of y and 19?
19
Suppose 28*t + 234 = 31*t. What is the greatest common factor of t and 208?
26
Let w(r) = 16*r - 154. Let u be w(24). Calculate the highest common divisor of u and 414.
46
Suppose -6*a = -345 + 21. Calculate the highest common divisor of 102 and a.
6
Let a(o) = 3*o**2 + 2*o + 2. Let t be a(-1). Suppose -5*m - 4*w + 80 = 0, 40 = 2*m + t*m - 4*w. What is the highest common divisor of 144 and m?
12
Let d(n) = 4*n - 1. Let i be d(-5). Let q = i - -43. Calculate the greatest common divisor of 55 and q.
11
Suppose -x = 4*c - 3079, 2*c - 9007 = -5*x + 6424. What is the greatest common factor of x and 63?
63
Let i(a) = 19*a + 119. Let s be i(-6). Calculate the highest common divisor of 90 and s.
5
Let y be (-10)/3*72*4/(-30). Let x be (-1 - 1)/2*-8. What is the greatest common divisor of x and y?
8
Let j = -119 - -134. Calculate the greatest common divisor of 120 and j.
15
Let b(a) = a**2 + 6*a + 6. Let k be b(-5). Let p = 55 + k. Suppose -p = -8*y + 6*y. What is the highest common divisor of 70 and y?
14
Let t(d) = -d + 2. Let i be t(-1). Suppose 0 = -i*n + 2*x + 31, -5*n = -6*x + x - 50. What is the greatest common factor of 1 and n?
1
Suppose -3*i + 2*u = 7*u - 60, i = -4*u + 27. Let c be 102/i - -5 - 2/(-10). What is the highest common factor of c and 48?
12
Suppose 5*j - 13 = m + 6, -8 = -2*j. Suppose 0 = 2*b + 2*b. Suppose 2*o + 8 = b, 3*d + 3*o + 3 = -6. Calculate the greatest common divisor of m and d.
1
Let t be (12/(-30))/((-2)/5). Let o(k) be the second derivative of -k**3/6 - k**2/2 + 2*k. Let h be o(-10). What is the highest common divisor of h and t?
1
Let k(u) = 8*u**2 - 3*u - 3. Let j be k(-2). What is the highest common divisor of j and 7?
7
Let p be 114/27 - -5*2/(-45). Let u be (-8)/(-3 - (-31)/11). What is the greatest common factor of p and u?
4
Let p be ((-96)/(-56))/((-6)/(-21)). What is the highest common divisor of 702 and p?
6
Let f be 2 + 58/10 - (-3)/15. Calculate the highest common factor of f and 1.
1
Let l(f) = -3*f + 17. Let v be l(8). Let p be ((-3)/(-4))/(v/56). Let n be (12/8)/(p/(-32)). Calculate the greatest common divisor of 24 and n.
8
Suppose 0 = 3*h - 61 - 83. Suppose h = -4*z + 8. Let m = z - -29. Calculate the greatest common divisor of 133 and m.
19
Let b(d) = 38*d**3 - 2 + 3*d**2 - 39*d**3 + 4. Let x be b(2). Let k be ((-60)/5)/(1*-1). What is the highest common divisor of k and x?
6
Suppose 0 = -5*h + h + 4. Let d be -1*1/((-1)/(-9)). Let a be -3*h/d*9. What is the highest common factor of 9 and a?
3
Let j be (-6)/(-1) + 14 + -17. Calculate the greatest common divisor of 75 and j.
3
Let w = -72 + 77. Suppose 0 = 4*n + 4*f - 60, -5*f + 42 = -3*n + w*n. Calculate the highest common factor of n and 176.
11
Let b be (1014/15)/(2/5). Suppose -5*v + b = -6756. Suppose -7*t + v = -820. What is the greatest common divisor of 35 and t?
35
Let t be ((-42)/9)/((-4)/6)*1. Let d = -139 - -195. What is the greatest common divisor of d and t?
7
Suppose 3*o - 1 + 25 = 0. Suppose -2*m - 2*n = 0, 4*m + 0*n + 3*n = 1. Let r = m - o. Calculate the greatest common divisor of r and 63.
9
Let p be ((-12)/(-15))/(2/5). Suppose 770 = 4*z - 3*m + 7, 0 = p*z + 2*m - 364. What is the greatest common divisor of 17 and z?
17
Let l(s) = -s**2 - 2*s + 3. Let j be l(0). Suppose -j*v + 1200 = 5*y, 709 = 3*y + 5*v - v. What is the greatest common divisor of 27 and y?
27
Suppose 156 = -29*z + 32*z + 4*m, -5*z - 2*m = -274. Calculate the highest common divisor of 28 and z.
28
Suppose v - 3 = -0. Suppose -v*z = -163 - 77. Let d = 25 + z. What is the greatest common factor of 42 and d?
21
Let o(p) = 5*p - 10. Let x be o(12). Suppose 4*z - 166 = -2*u, 66 + 25 = u + 4*z. Calculate the greatest common divisor of x and u.
25
Suppose 1931 = 7*j - 1261. Calculate the highest common divisor of j and 48.
24
Let c be (4 + (5 - 7))/1. Suppose -16 = -i + 4*a, i = 3*a + 6 + 7. Calculate the greatest common divisor of i and c.
2
Let r(y) = -y**2 - 6*y + 10. Let w be r(-8). Let o be (26/4 + -1)/((-3)/w). What is the greatest common factor of o and 88?
11
Suppose 12*r - 206 = 94. Let f = -27 - -23. Let y be (f + (6 - 3))*-10. Calculate the highest common factor of r and y.
5
Let l = -643 + 1011. What is the highest common divisor of l and 23?
23
Suppose 93 + 173 = 2*v. Calculate the highest common divisor of v and 57.
19
Let r be (-15)/2*(-2)/3. Let u = -52 - -46. Let p be (9 + u)/(-1 + 16/15). What is the highest common factor of p and r?
5
Suppose -2*q = t - 7 - 35, -2*q - 186 = -5*t. Calculate the highest common factor of t and 76.
38
Let x = 5 - 3. Suppose 0 = w + x - 32. Let d = -2182 + 2257. What is the highest common factor of w and d?
15
Let f be (0 + 3)/(35/630). Calculate the greatest common divisor of 162 and f.
54
Let n(t) = t**3 - 8*t**2 - 10*t + 10. Let w be n(9). Let a be (w/2)/((-1)/(-8)). Let h be (-3)/6 - 399/(-14). Calculate the greatest common factor of a and h.
4
Let h be (637/14 + 0)*4. What is the greatest common factor of h and 14?
14
Let n be ((-9)/(-3))/((-36)/(-4488)). Calculate the highest common factor of 34 and n.
34
Let g be -3*(-100)/1*(-4)/30. Suppose -3*f + 8 = 2*b - 22, 2*b - f = 22. Let i be g/(-6) + (-8)/b. Calculate the highest common factor of 30 and i.
6
Let c be (38/(-4))/(-3 + (-153)/(-54)). What is the highest common divisor of c and 57?
57
Let n be -6 + (5 - -120) - 3*1. Suppose -n = -4*l - m, -m = -5*l - 4*m + 138. Calculate the greatest common factor of l and 12.
6
Let a = 12 - 11. What is the highest common divisor of 4 and a?
1
Let x(o) = 17*o**2 - 6*o + 4. Let s be x(2). What is the greatest common divisor of 50 and s?
10
Let c(a) = -a**2 + 26*a + 144. Let f be c(30). Let i be 2/((-2)/1) + 1. Let s(p) = p + 8. Let h be s(i). What is the highest common divisor of h and f?
8
Let g = -16 - -156. Calculate the highest common divisor of g and 80.
20
Let p(d) = 3*d + 37. Let u be p(-10). Suppose -5*n = 5, -2*n = u*g - 12*g + 102. What is the greatest common factor of g and 100?
20
Let o be (-4)/8*(7 - 1). Let x = 2 - o. Suppose x*n + 5 = 3*i, -3*n + 21 = 4*i - i. What is the highest common factor of i and 5?
5
Let d be 6/((8/(-60))/((-1)/5)). Calculate the highest common divisor of d and 306.
9
Let v = 850 - 794. What is the highest common divisor of v and 63?
7
Let f = 637 + -264. Let l = -230 + f. Suppose -28 = -2*k - 2. What is the greatest common factor of k and l?
13
Suppose -7*b + 12 = -4*b. What is the highest common factor of 100 and b?
4
Let b(l) = 0 - 2*l**2 + 3*l**2 - 4. Let n be b(4). Let u be ((-6)/10)/((-39)/390). What is the greatest common factor of n and u?
6
Suppose -3*h + 96 = 29*h. Let j = -14 - -26. What is the highest common divisor of j and h?
3
Suppose 3 = 3*n - 0*n. Let y = n + 11. Suppose -y = -4*h - 4. Calculate the highest common divisor of h and 6.
2
Let c = -18 - -27. Let m = -12 + 20. Suppose -5*n + 34 = 3*f, n + m = f - 14. Calculate the greatest common factor of c and f.
9
Suppose 2*g + 2*y + 1 = g, -4*g + 14 = -y. Suppose 0*i - o = 3*i - 87, o = -g. Suppose -2*w + 3 = -9. Calculate 